{"id":748,"date":"2024-10-11T13:34:44","date_gmt":"2024-10-11T18:34:44","guid":{"rendered":"https:\/\/fedepapa.com\/home\/?page_id=748"},"modified":"2024-10-15T11:41:20","modified_gmt":"2024-10-15T16:41:20","slug":"que-es-el-fnfp","status":"publish","type":"page","link":"https:\/\/fedepapa.com\/home\/que-es-el-fnfp\/","title":{"rendered":"QUE ES EL FNFP"},"content":{"rendered":"\t\t<div data-elementor-type=\"wp-page\" data-elementor-id=\"748\" class=\"elementor elementor-748\">\n\t\t\t\t<div class=\"elementor-element elementor-element-7b6bad7 e-con-full e-flex e-con e-parent\" data-id=\"7b6bad7\" data-element_type=\"container\" data-e-type=\"container\">\n\t\t\t\t<div class=\"elementor-element elementor-element-66fc45a elementor-widget elementor-widget-heading\" data-id=\"66fc45a\" data-element_type=\"widget\" data-e-type=\"widget\" data-widget_type=\"heading.default\">\n\t\t\t\t<div class=\"elementor-widget-container\">\n\t\t\t\t\t<h2 class=\"elementor-heading-title elementor-size-default\">\u00bfQu\u00e9 es el FNFP?<\/h2>\t\t\t\t<\/div>\n\t\t\t\t<\/div>\n\t\t\t\t<\/div>\n\t\t<div class=\"elementor-element elementor-element-4c319cc e-con-full e-flex e-con e-parent\" data-id=\"4c319cc\" data-element_type=\"container\" data-e-type=\"container\">\n\t\t<div class=\"elementor-element elementor-element-d59cd5a e-con-full e-flex e-con e-child\" data-id=\"d59cd5a\" data-element_type=\"container\" data-e-type=\"container\">\n\t\t\t\t<div class=\"elementor-element elementor-element-6985554 elementor-widget elementor-widget-text-editor\" data-id=\"6985554\" data-element_type=\"widget\" data-e-type=\"widget\" data-widget_type=\"text-editor.default\">\n\t\t\t\t<div class=\"elementor-widget-container\">\n\t\t\t\t\t\t\t\t\t<p style=\"text-align: justify;\"><span style=\"color: #008000;\">El Fondo Nacional de Fomento de la Papa \u2013 FNFP, es una cuenta especial compuesta por la contribuci\u00f3n parafiscal de la papa, aportada por el productor de papa nacional. Somos reglamentados por la Ley 1707 y sus decretos establecidos.<\/span><\/p><p style=\"text-align: justify;\"><span style=\"color: #008000;\">Esta inversi\u00f3n est\u00e1 destinada a la investigaci\u00f3n, la transferencia de tecnolog\u00eda, la asistencia t\u00e9cnica, el control sanitario, la organizaci\u00f3n, el desarrollo econ\u00f3mico y el fomento de consumo de la papa. Estos proyectos se reflejan en beneficios directos para quienes hacen los aportes de la cuota de fomento, es decir, los productores de papa.<\/span><\/p><p><span style=\"color: #008000;\">\u00bfQu\u00e9 leyes rigen al FNFP?<\/span><br \/><span style=\"color: #008000;\">\u2013 Art\u00edculo 150 de la Constituci\u00f3n Pol\u00edtica de Colombia.<\/span><br \/><span style=\"color: #008000;\">\u2013 Art\u00edculo 29 de la Ley 101 de 1993.<\/span><br \/><span style=\"color: #008000;\">\u2013 Decreto 2025 de 1996.<\/span><br \/><span style=\"color: #008000;\">\u2013 Ley 1707 de enero 20 de 2014 y su decreto reglamentario 2263 de noviembre 11 de 2014.<\/span><br \/><span style=\"color: #008000;\">\u2013 Resoluci\u00f3n 037 de febrero 11 de 2015.<\/span><br \/><span style=\"color: #008000;\">\u2013 Ley 1033 de 2006.<\/span><\/p>\t\t\t\t\t\t\t\t<\/div>\n\t\t\t\t<\/div>\n\t\t\t\t<\/div>\n\t\t<div class=\"elementor-element elementor-element-1031e71 e-con-full e-flex e-con e-child\" data-id=\"1031e71\" data-element_type=\"container\" data-e-type=\"container\">\n\t\t\t\t<div class=\"elementor-element elementor-element-927fd54 elementor-widget elementor-widget-image\" data-id=\"927fd54\" data-element_type=\"widget\" data-e-type=\"widget\" data-widget_type=\"image.default\">\n\t\t\t\t<div class=\"elementor-widget-container\">\n\t\t\t\t\t\t\t\t\t\t\t\t\t\t\t<img fetchpriority=\"high\" decoding=\"async\" width=\"400\" height=\"400\" src=\"https:\/\/fedepapa.com\/home\/wp-content\/uploads\/2024\/10\/circulo2.png\" class=\"attachment-medium_large size-medium_large wp-image-757\" alt=\"\" srcset=\"https:\/\/fedepapa.com\/home\/wp-content\/uploads\/2024\/10\/circulo2.png 400w, https:\/\/fedepapa.com\/home\/wp-content\/uploads\/2024\/10\/circulo2-300x300.png 300w, https:\/\/fedepapa.com\/home\/wp-content\/uploads\/2024\/10\/circulo2-150x150.png 150w\" sizes=\"(max-width: 400px) 100vw, 400px\" \/>\t\t\t\t\t\t\t\t\t\t\t\t\t\t\t<\/div>\n\t\t\t\t<\/div>\n\t\t\t\t<\/div>\n\t\t\t\t<\/div>\n\t\t\t\t<\/div>\n\t\t","protected":false},"excerpt":{"rendered":"<p>\u00bfQu\u00e9 es el FNFP? El Fondo Nacional de Fomento de la Papa \u2013 FNFP, es una cuenta especial compuesta por la contribuci\u00f3n parafiscal de la papa, aportada por el productor de papa nacional. Somos reglamentados por la Ley 1707 y sus decretos establecidos. Esta inversi\u00f3n est\u00e1 destinada a la investigaci\u00f3n, la transferencia de tecnolog\u00eda, la&hellip;&nbsp;<a href=\"https:\/\/fedepapa.com\/home\/que-es-el-fnfp\/\" rel=\"bookmark\">Read More &raquo;<span class=\"screen-reader-text\">QUE ES EL FNFP<\/span><\/a><\/p>\n","protected":false},"author":1,"featured_media":0,"parent":0,"menu_order":0,"comment_status":"closed","ping_status":"closed","template":"page-templates\/template-pagebuilder-full-width.php","meta":{"neve_meta_sidebar":"","neve_meta_container":"","neve_meta_enable_content_width":"","neve_meta_content_width":0,"neve_meta_title_alignment":"","neve_meta_author_avatar":"","neve_post_elements_order":"","neve_meta_disable_header":"","neve_meta_disable_footer":"","neve_meta_disable_title":"","neve_meta_reading_time":"","_joinchat":[],"footnotes":""},"class_list":["post-748","page","type-page","status-publish","hentry"],"_links":{"self":[{"href":"https:\/\/fedepapa.com\/home\/wp-json\/wp\/v2\/pages\/748","targetHints":{"allow":["GET"]}}],"collection":[{"href":"https:\/\/fedepapa.com\/home\/wp-json\/wp\/v2\/pages"}],"about":[{"href":"https:\/\/fedepapa.com\/home\/wp-json\/wp\/v2\/types\/page"}],"author":[{"embeddable":true,"href":"https:\/\/fedepapa.com\/home\/wp-json\/wp\/v2\/users\/1"}],"replies":[{"embeddable":true,"href":"https:\/\/fedepapa.com\/home\/wp-json\/wp\/v2\/comments?post=748"}],"version-history":[{"count":25,"href":"https:\/\/fedepapa.com\/home\/wp-json\/wp\/v2\/pages\/748\/revisions"}],"predecessor-version":[{"id":839,"href":"https:\/\/fedepapa.com\/home\/wp-json\/wp\/v2\/pages\/748\/revisions\/839"}],"wp:attachment":[{"href":"https:\/\/fedepapa.com\/home\/wp-json\/wp\/v2\/media?parent=748"}],"curies":[{"name":"wp","href":"https:\/\/api.w.org\/{rel}","templated":true}]}}