{"id":52,"date":"2024-07-12T14:14:08","date_gmt":"2024-07-12T14:14:08","guid":{"rendered":"https:\/\/fedepapa.com\/home\/?page_id=52"},"modified":"2024-10-15T11:41:23","modified_gmt":"2024-10-15T16:41:23","slug":"cuota-de-fomento","status":"publish","type":"page","link":"https:\/\/fedepapa.com\/home\/fnfp\/cuota-de-fomento\/","title":{"rendered":"Cuota de Fomento"},"content":{"rendered":"\t\t<div data-elementor-type=\"wp-page\" data-elementor-id=\"52\" class=\"elementor elementor-52\">\n\t\t\t\t<div class=\"elementor-element elementor-element-ddfa400 e-con-full e-flex e-con e-parent\" data-id=\"ddfa400\" data-element_type=\"container\" data-e-type=\"container\">\n\t\t<div class=\"elementor-element elementor-element-1fed9a4 e-con-full e-flex e-con e-child\" data-id=\"1fed9a4\" data-element_type=\"container\" data-e-type=\"container\">\n\t\t\t\t<div class=\"elementor-element elementor-element-d3b3d65 elementor-widget elementor-widget-text-editor\" data-id=\"d3b3d65\" data-element_type=\"widget\" data-e-type=\"widget\" data-widget_type=\"text-editor.default\">\n\t\t\t\t<div class=\"elementor-widget-container\">\n\t\t\t\t\t\t\t\t\t<h1 class=\"titulos_grandes\">\u00bfQu\u00e9 es la cuota de<br \/>Fomento de la papa?<\/h1><p>Es una contribuci\u00f3n parafiscal creada por la Ley 1707 de 2014 y reglamentada por el Decreto 2263 de 2014, que equivale al 1% del valor de venta de papa de producci\u00f3n nacional, la cual se cobra una sola vez en cualquier etapa del proceso de comercializaci\u00f3n.<\/p>\t\t\t\t\t\t\t\t<\/div>\n\t\t\t\t<\/div>\n\t\t\t\t<\/div>\n\t\t\t\t<\/div>\n\t\t<div class=\"elementor-element elementor-element-d7f567d e-con-full e-flex e-con e-parent\" data-id=\"d7f567d\" data-element_type=\"container\" data-e-type=\"container\">\n\t\t<div class=\"elementor-element elementor-element-b3831db e-con-full e-flex e-con e-child\" data-id=\"b3831db\" data-element_type=\"container\" data-e-type=\"container\">\n\t\t\t\t<div class=\"elementor-element elementor-element-9e64bb2 elementor-widget elementor-widget-text-editor\" data-id=\"9e64bb2\" data-element_type=\"widget\" data-e-type=\"widget\" data-widget_type=\"text-editor.default\">\n\t\t\t\t<div class=\"elementor-widget-container\">\n\t\t\t\t\t\t\t\t\t<p><strong>LEY 1707 DEL A\u00d1O 2014<\/strong><\/p><p><strong>\u00bfEn qu\u00e9 se invierten los recursos de la Cuota de Fomento de la Papa?<\/strong><\/p><p><strong>Cumpliendo la obligaci\u00f3n del a<em>rt\u00edculo 10 de la Ley 1707 de 2014; nuestros objetivos, <\/em>adem\u00e1s de los contemplados en el art\u00edculo 31 de la Ley 101 de 1993, se basan en apoyar:<\/strong><\/p><ul><li>Formaci\u00f3n y capacitaci\u00f3n para la modernizaci\u00f3n tecnol\u00f3gica.<\/li><li>Organizaci\u00f3n de la cadena productiva de la papa, principalmente productores.<\/li><li>Apoyar la creaci\u00f3n de sistemas de informaci\u00f3n del subsector.<\/li><li>Agregaci\u00f3n de valor y mejoramiento de los niveles de eficiencia de los procesos de poscosecha, transformaci\u00f3n e industrializaci\u00f3n.<\/li><li>Innovaci\u00f3n, investigaci\u00f3n y transferencia de tecnolog\u00eda.<\/li><li>Divulgaci\u00f3n de los planes, programas y proyectos financiados con recursos del Fondo Nacional de Fomento de la Papa \u2013 FNFP.<\/li><li>Promoci\u00f3n al consumo<\/li><li>Fortalecimiento e implementaci\u00f3n de medidas de control fitosanitario.<\/li><li>Planes de conservaci\u00f3n del medio ambiente.<\/li><\/ul><p><span style=\"font-weight: 400;\">Pago oportuno: El no pago oportuno de la cuota de fomento genera intereses moratorios, en los t\u00e9rminos del Art\u00edculo 3, de la Ley 1066 de 2006.<\/span><b>\u00bfQu\u00e9 es la cuota de Fomento de la papa?<\/b><\/p><p><span style=\"font-weight: 400;\">Es una contribuci\u00f3n parafiscal creada por la Ley 1707 de 2014 y reglamentada por el Decreto 2263 de 2014, que equivale al 1% del valor de venta de papa de producci\u00f3n nacional, la cual se cobra una sola vez en cualquier etapa del proceso de comercializaci\u00f3n.<\/span><\/p><hr \/><p>\u00a0<\/p>\t\t\t\t\t\t\t\t<\/div>\n\t\t\t\t<\/div>\n\t\t\t\t<\/div>\n\t\t\t\t<\/div>\n\t\t<div class=\"elementor-element elementor-element-fb39977 e-con-full e-flex e-con e-parent\" data-id=\"fb39977\" data-element_type=\"container\" data-e-type=\"container\">\n\t\t<div class=\"elementor-element elementor-element-f563b8b e-con-full e-flex e-con e-child\" data-id=\"f563b8b\" data-element_type=\"container\" data-e-type=\"container\">\n\t\t\t\t<div class=\"elementor-element elementor-element-140dff1 elementor-widget elementor-widget-text-editor\" data-id=\"140dff1\" data-element_type=\"widget\" data-e-type=\"widget\" data-widget_type=\"text-editor.default\">\n\t\t\t\t<div class=\"elementor-widget-container\">\n\t\t\t\t\t\t\t\t\t<p><span style=\"color: #339966;\"><b>\u00bfQui\u00e9nes est\u00e1n obligados al pago de la cuota de Fomento de la Papa?<\/b><\/span><\/p><p><em><span style=\"font-weight: 400;\">Articulo 4<\/span><\/em><\/p><p style=\"text-align: justify;\"><span style=\"font-weight: 400;\">Todas las personas naturales, jur\u00eddicas o sociedades de hecho que produzcan papa y\/o semilla de papa de cualquier variedad en el territorio nacional.<\/span><\/p><p style=\"text-align: justify;\"><span style=\"font-weight: 400;\">Cuando el productor sea su exportador, tambi\u00e9n estar\u00e1 sujeto al pago de la Cuota de Fomento de la Papa y \u00e9l mismo actuar\u00e1 como recaudador.<\/span><\/p>\t\t\t\t\t\t\t\t<\/div>\n\t\t\t\t<\/div>\n\t\t\t\t<\/div>\n\t\t<div class=\"elementor-element elementor-element-0adcee0 e-con-full e-flex e-con e-child\" data-id=\"0adcee0\" data-element_type=\"container\" data-e-type=\"container\">\n\t\t\t\t<div class=\"elementor-element elementor-element-af20616 elementor-widget elementor-widget-text-editor\" data-id=\"af20616\" data-element_type=\"widget\" data-e-type=\"widget\" data-widget_type=\"text-editor.default\">\n\t\t\t\t<div class=\"elementor-widget-container\">\n\t\t\t\t\t\t\t\t\t<p><span style=\"color: #339966;\"><b>\u00bfQui\u00e9nes est\u00e1n obligados al recaudo de la cuota de Fomento de la Papa?<\/b><\/span><\/p><p><em><span style=\"font-weight: 400;\">Articulo 6<\/span><\/em><\/p><p style=\"text-align: justify;\"><span style=\"font-weight: 400;\">Todas las personas naturales, jur\u00eddicas o sociedades de hecho que compren papa de producci\u00f3n nacional de cualquier variedad para utilizarla como semilla, acondicionarla, procesar, industrializar, comercializar o exportar, est\u00e1n obligados a retener el valor de la Cuota de Fomento de la Papa al momento de efectuar la transacci\u00f3n o el pago correspondiente.<\/span><\/p>\t\t\t\t\t\t\t\t<\/div>\n\t\t\t\t<\/div>\n\t\t\t\t<\/div>\n\t\t\t\t<\/div>\n\t\t<div class=\"elementor-element elementor-element-42ab39c e-flex e-con-boxed e-con e-parent\" data-id=\"42ab39c\" data-element_type=\"container\" data-e-type=\"container\">\n\t\t\t\t\t<div class=\"e-con-inner\">\n\t\t\t\t<div class=\"elementor-element elementor-element-703d307 elementor-widget elementor-widget-text-editor\" data-id=\"703d307\" data-element_type=\"widget\" data-e-type=\"widget\" data-widget_type=\"text-editor.default\">\n\t\t\t\t<div class=\"elementor-widget-container\">\n\t\t\t\t\t\t\t\t\t<p style=\"text-align: center;\"><strong><span style=\"color: #339966;\">\u00bfCu\u00e1les son las responsabilidades del Recaudador de la Cuota de Fomento de la Papa?<\/span><\/strong><\/p><ul><li style=\"font-weight: 400;\" aria-level=\"1\"><span style=\"font-weight: 400;\">Retener la Cuota de Fomento: Equivale al 1% del valor de la compra de papa o semilla de papa de producci\u00f3n nacional.<\/span><\/li><li style=\"font-weight: 400;\" aria-level=\"1\"><span style=\"font-weight: 400;\">Mantener los recursos en cuentas contables separadas.<\/span><\/li><li style=\"font-weight: 400;\" aria-level=\"1\"><span style=\"font-weight: 400;\">Consignar o transferir: Dentro de los diez (10) primeros d\u00edas del mes siguiente al recaudo, se debe realizar la consignaci\u00f3n o transferencia a cualquiera de las dos cuentas habilitadas a nombre de FEDEPAPA-FNFP.<\/span><\/li><li style=\"font-weight: 400;\" aria-level=\"1\"><span style=\"font-weight: 400;\">Asumir y pagar el valor de la cuota dejada de recaudar.<\/span><\/li><li style=\"font-weight: 400;\" aria-level=\"1\"><span style=\"font-weight: 400;\">Registro del recaudo: Los recaudadores est\u00e1n obligados a llevar un registro de las sumas recaudadas en el fondo.<\/span><\/li><\/ul>\t\t\t\t\t\t\t\t<\/div>\n\t\t\t\t<\/div>\n\t\t\t\t\t<\/div>\n\t\t\t\t<\/div>\n\t\t<div class=\"elementor-element elementor-element-1efd69b e-flex e-con-boxed e-con e-parent\" data-id=\"1efd69b\" data-element_type=\"container\" data-e-type=\"container\">\n\t\t\t\t\t<div class=\"e-con-inner\">\n\t\t<div class=\"elementor-element elementor-element-408cae5 e-con-full e-flex e-con e-child\" data-id=\"408cae5\" data-element_type=\"container\" data-e-type=\"container\">\n\t\t\t\t<div class=\"elementor-element elementor-element-6de3e8b elementor-widget elementor-widget-video\" data-id=\"6de3e8b\" data-element_type=\"widget\" data-e-type=\"widget\" data-settings=\"{&quot;youtube_url&quot;:&quot;https:\\\/\\\/www.youtube.com\\\/watch?v=bO0vOySQL0M&amp;list=PLv3WQmOXB_8--cm-KzCnlnwpAGqbuBH-c&quot;,&quot;video_type&quot;:&quot;youtube&quot;,&quot;controls&quot;:&quot;yes&quot;}\" data-widget_type=\"video.default\">\n\t\t\t\t<div class=\"elementor-widget-container\">\n\t\t\t\t\t\t\t<div class=\"elementor-wrapper elementor-open-inline\">\n\t\t\t<div class=\"elementor-video\"><\/div>\t\t<\/div>\n\t\t\t\t\t\t<\/div>\n\t\t\t\t<\/div>\n\t\t\t\t<\/div>\n\t\t\t\t\t<\/div>\n\t\t\t\t<\/div>\n\t\t\t\t<\/div>\n\t\t","protected":false},"excerpt":{"rendered":"<p>\u00bfQu\u00e9 es la cuota deFomento de la papa? Es una contribuci\u00f3n parafiscal creada por la Ley 1707 de 2014 y reglamentada por el Decreto 2263 de 2014, que equivale al 1% del valor de venta de papa de producci\u00f3n nacional, la cual se cobra una sola vez en cualquier etapa del proceso de comercializaci\u00f3n. LEY&hellip;&nbsp;<a href=\"https:\/\/fedepapa.com\/home\/fnfp\/cuota-de-fomento\/\" rel=\"bookmark\">Read More &raquo;<span class=\"screen-reader-text\">Cuota de Fomento<\/span><\/a><\/p>\n","protected":false},"author":1,"featured_media":0,"parent":12,"menu_order":1,"comment_status":"closed","ping_status":"closed","template":"elementor_header_footer","meta":{"neve_meta_sidebar":"","neve_meta_container":"","neve_meta_enable_content_width":"","neve_meta_content_width":0,"neve_meta_title_alignment":"","neve_meta_author_avatar":"","neve_post_elements_order":"","neve_meta_disable_header":"","neve_meta_disable_footer":"","neve_meta_disable_title":"","neve_meta_reading_time":"","_joinchat":[],"footnotes":""},"class_list":["post-52","page","type-page","status-publish","hentry"],"_links":{"self":[{"href":"https:\/\/fedepapa.com\/home\/wp-json\/wp\/v2\/pages\/52","targetHints":{"allow":["GET"]}}],"collection":[{"href":"https:\/\/fedepapa.com\/home\/wp-json\/wp\/v2\/pages"}],"about":[{"href":"https:\/\/fedepapa.com\/home\/wp-json\/wp\/v2\/types\/page"}],"author":[{"embeddable":true,"href":"https:\/\/fedepapa.com\/home\/wp-json\/wp\/v2\/users\/1"}],"replies":[{"embeddable":true,"href":"https:\/\/fedepapa.com\/home\/wp-json\/wp\/v2\/comments?post=52"}],"version-history":[{"count":31,"href":"https:\/\/fedepapa.com\/home\/wp-json\/wp\/v2\/pages\/52\/revisions"}],"predecessor-version":[{"id":842,"href":"https:\/\/fedepapa.com\/home\/wp-json\/wp\/v2\/pages\/52\/revisions\/842"}],"up":[{"embeddable":true,"href":"https:\/\/fedepapa.com\/home\/wp-json\/wp\/v2\/pages\/12"}],"wp:attachment":[{"href":"https:\/\/fedepapa.com\/home\/wp-json\/wp\/v2\/media?parent=52"}],"curies":[{"name":"wp","href":"https:\/\/api.w.org\/{rel}","templated":true}]}}