{"id":45,"date":"2024-07-12T13:45:50","date_gmt":"2024-07-12T13:45:50","guid":{"rendered":"https:\/\/fedepapa.com\/home\/?page_id=45"},"modified":"2024-10-18T05:51:36","modified_gmt":"2024-10-18T10:51:36","slug":"comites","status":"publish","type":"page","link":"https:\/\/fedepapa.com\/home\/fedepapa\/comites\/","title":{"rendered":"Comites"},"content":{"rendered":"\t\t<div data-elementor-type=\"wp-page\" data-elementor-id=\"45\" class=\"elementor elementor-45\">\n\t\t\t\t<div class=\"elementor-element elementor-element-a243b2d e-con-full e-flex e-con e-parent\" data-id=\"a243b2d\" data-element_type=\"container\" data-e-type=\"container\" data-settings=\"{&quot;background_background&quot;:&quot;classic&quot;}\">\n\t\t\t\t<div class=\"elementor-element elementor-element-d74da0b elementor-widget elementor-widget-text-editor\" data-id=\"d74da0b\" data-element_type=\"widget\" data-e-type=\"widget\" data-widget_type=\"text-editor.default\">\n\t\t\t\t<div class=\"elementor-widget-container\">\n\t\t\t\t\t\t\t\t\t<h3 style=\"text-align: center;\">MAPA DE COMIT\u00c9S MUNICIPALES<\/h3>\t\t\t\t\t\t\t\t<\/div>\n\t\t\t\t<\/div>\n\t\t\t\t<\/div>\n\t\t<div class=\"elementor-element elementor-element-e94fcbd e-con-full e-flex e-con e-parent\" data-id=\"e94fcbd\" data-element_type=\"container\" data-e-type=\"container\" data-settings=\"{&quot;background_background&quot;:&quot;classic&quot;}\">\n\t\t\t\t<div class=\"elementor-element elementor-element-a0e667b elementor-widget elementor-widget-image\" data-id=\"a0e667b\" data-element_type=\"widget\" data-e-type=\"widget\" data-widget_type=\"image.default\">\n\t\t\t\t<div class=\"elementor-widget-container\">\n\t\t\t\t\t\t\t\t\t\t\t\t\t\t\t<img fetchpriority=\"high\" decoding=\"async\" width=\"700\" height=\"860\" src=\"https:\/\/fedepapa.com\/home\/wp-content\/uploads\/2024\/10\/mapacomite2.png\" class=\"attachment-large size-large wp-image-713\" alt=\"\" srcset=\"https:\/\/fedepapa.com\/home\/wp-content\/uploads\/2024\/10\/mapacomite2.png 700w, https:\/\/fedepapa.com\/home\/wp-content\/uploads\/2024\/10\/mapacomite2-244x300.png 244w\" sizes=\"(max-width: 700px) 100vw, 700px\" \/>\t\t\t\t\t\t\t\t\t\t\t\t\t\t\t<\/div>\n\t\t\t\t<\/div>\n\t\t\t\t<\/div>\n\t\t<div class=\"elementor-element elementor-element-d7fa69e e-con-full e-flex e-con e-parent\" data-id=\"d7fa69e\" data-element_type=\"container\" data-e-type=\"container\" data-settings=\"{&quot;background_background&quot;:&quot;classic&quot;}\">\n\t\t<div class=\"elementor-element elementor-element-a3b69b2 e-con-full e-flex e-con e-child\" data-id=\"a3b69b2\" data-element_type=\"container\" data-e-type=\"container\">\n\t\t\t\t<div class=\"elementor-element elementor-element-aefefd2 elementor-widget elementor-widget-text-editor\" data-id=\"aefefd2\" data-element_type=\"widget\" data-e-type=\"widget\" data-widget_type=\"text-editor.default\">\n\t\t\t\t<div class=\"elementor-widget-container\">\n\t\t\t\t\t\t\t\t\t<p><strong>CUNDINAMARCA<\/strong><\/p><p><span style=\"color: #ffffff;\">Carmen de Carupa.<\/span><br \/><span style=\"color: #ffffff;\">Chipaque.<\/span><br \/><span style=\"color: #ffffff;\">Chocont\u00e1.<\/span><br \/><span style=\"color: #ffffff;\">Cogua.<\/span><br \/><span style=\"color: #ffffff;\">El Rosal.<\/span><br \/><span style=\"color: #ffffff;\">Granada.<\/span><br \/><span style=\"color: #ffffff;\">Nororiente(La Calera).<\/span><br \/><span style=\"color: #ffffff;\">Pasca.<\/span><br \/><span style=\"color: #ffffff;\">Sibat\u00e9.<\/span><br \/><span style=\"color: #ffffff;\">Subachoque.<\/span><br \/><span style=\"color: #ffffff;\">Susa.<\/span><br \/><span style=\"color: #ffffff;\">Tausa.<\/span><br \/><span style=\"color: #ffffff;\">Ubaque.<\/span><br \/><span style=\"color: #ffffff;\">Une.<\/span><br \/><span style=\"color: #ffffff;\">Usme.<\/span><br \/><span style=\"color: #ffffff;\">Valle de Ubat\u00e9.<\/span><br \/><span style=\"color: #ffffff;\">Villapinz\u00f3n.<\/span><br \/><span style=\"color: #ffffff;\">Zipaquir\u00e1.<\/span><\/p><p><strong>TOLIMA<\/strong><\/p><p><span style=\"color: #ffffff;\">Murillo.<\/span><br \/><span style=\"color: #ffffff;\">Roncesvalles<\/span>.<\/p>\t\t\t\t\t\t\t\t<\/div>\n\t\t\t\t<\/div>\n\t\t\t\t<\/div>\n\t\t<div class=\"elementor-element elementor-element-b082e98 e-con-full e-flex e-con e-child\" data-id=\"b082e98\" data-element_type=\"container\" data-e-type=\"container\">\n\t\t\t\t<div class=\"elementor-element elementor-element-fd171d5 elementor-widget elementor-widget-text-editor\" data-id=\"fd171d5\" data-element_type=\"widget\" data-e-type=\"widget\" data-widget_type=\"text-editor.default\">\n\t\t\t\t<div class=\"elementor-widget-container\">\n\t\t\t\t\t\t\t\t\t<p><strong>BOYACA<\/strong><\/p><p><span style=\"color: #ffffff;\">Saboy\u00e1.<\/span><br \/><span style=\"color: #ffffff;\">Samac\u00e1.<\/span><br \/><span style=\"color: #ffffff;\">Siachoque.<\/span><br \/><span style=\"color: #ffffff;\">Sora.<\/span><br \/><span style=\"color: #ffffff;\">Sorac\u00e1.<\/span><br \/><span style=\"color: #ffffff;\">Sugamuxi.<\/span><br \/><span style=\"color: #ffffff;\">Tunja.<\/span><br \/><span style=\"color: #ffffff;\">Tumequ\u00e9.<\/span><br \/><span style=\"color: #ffffff;\">\u00dambita.<\/span><br \/><span style=\"color: #ffffff;\">Ventaquemada.<\/span><\/p><p><strong>SANTANDER<\/strong><\/p><p><span style=\"color: #ffffff;\">Cerrito.<\/span><br \/><span style=\"color: #ffffff;\">Concepci\u00f3n.<\/span><br \/><span style=\"color: #ffffff;\">Guaca.<\/span><\/p><p><strong>NORTE DE SANTANDER<\/strong><\/p><p><span style=\"color: #ffffff;\">Chitag\u00e1.<\/span><\/p>\t\t\t\t\t\t\t\t<\/div>\n\t\t\t\t<\/div>\n\t\t\t\t<\/div>\n\t\t<div class=\"elementor-element elementor-element-43742ca e-con-full e-flex e-con e-child\" data-id=\"43742ca\" data-element_type=\"container\" data-e-type=\"container\">\n\t\t\t\t<div class=\"elementor-element elementor-element-0810210 elementor-widget elementor-widget-text-editor\" data-id=\"0810210\" data-element_type=\"widget\" data-e-type=\"widget\" data-widget_type=\"text-editor.default\">\n\t\t\t\t<div class=\"elementor-widget-container\">\n\t\t\t\t\t\t\t\t\t<p><strong>ANTIOQUIA<\/strong><\/p><p><span style=\"color: #ffffff;\">La Uni\u00f3n<\/span><\/p><p><strong>NARI\u00d1O<\/strong><\/p><p><span style=\"color: #ffffff;\">Contadero<\/span><br \/><span style=\"color: #ffffff;\">Ipiales.<\/span><br \/><span style=\"color: #ffffff;\">Pupiales.<\/span><br \/><span style=\"color: #ffffff;\">San Juan de Pasto.<\/span><br \/><span style=\"color: #ffffff;\">T\u00faquerres.<\/span><\/p><p><strong>CAUCA<\/strong><\/p><p><span style=\"color: #ffffff;\">Purac\u00e9.<\/span><br \/><span style=\"color: #ffffff;\">Totor\u00f3.<\/span><\/p>\t\t\t\t\t\t\t\t<\/div>\n\t\t\t\t<\/div>\n\t\t\t\t<\/div>\n\t\t<div class=\"elementor-element elementor-element-72b3ff0 e-con-full e-flex e-con e-child\" data-id=\"72b3ff0\" data-element_type=\"container\" data-e-type=\"container\">\n\t\t\t\t<\/div>\n\t\t<div class=\"elementor-element elementor-element-fedab79 e-con-full e-flex e-con e-child\" data-id=\"fedab79\" data-element_type=\"container\" data-e-type=\"container\">\n\t\t\t\t<\/div>\n\t\t<div class=\"elementor-element elementor-element-cfcf028 e-con-full e-flex e-con e-child\" data-id=\"cfcf028\" data-element_type=\"container\" data-e-type=\"container\">\n\t\t\t\t<\/div>\n\t\t\t\t<\/div>\n\t\t\t\t<\/div>\n\t\t","protected":false},"excerpt":{"rendered":"<p>MAPA DE COMIT\u00c9S MUNICIPALES CUNDINAMARCA Carmen de Carupa.Chipaque.Chocont\u00e1.Cogua.El Rosal.Granada.Nororiente(La Calera).Pasca.Sibat\u00e9.Subachoque.Susa.Tausa.Ubaque.Une.Usme.Valle de Ubat\u00e9.Villapinz\u00f3n.Zipaquir\u00e1. TOLIMA Murillo.Roncesvalles. BOYACA Saboy\u00e1.Samac\u00e1.Siachoque.Sora.Sorac\u00e1.Sugamuxi.Tunja.Tumequ\u00e9.\u00dambita.Ventaquemada. SANTANDER Cerrito.Concepci\u00f3n.Guaca. NORTE DE SANTANDER Chitag\u00e1. ANTIOQUIA La Uni\u00f3n NARI\u00d1O ContaderoIpiales.Pupiales.San Juan de Pasto.T\u00faquerres. CAUCA Purac\u00e9.Totor\u00f3.<\/p>\n","protected":false},"author":1,"featured_media":0,"parent":10,"menu_order":2,"comment_status":"closed","ping_status":"closed","template":"elementor_header_footer","meta":{"neve_meta_sidebar":"","neve_meta_container":"","neve_meta_enable_content_width":"","neve_meta_content_width":0,"neve_meta_title_alignment":"","neve_meta_author_avatar":"","neve_post_elements_order":"","neve_meta_disable_header":"","neve_meta_disable_footer":"","neve_meta_disable_title":"","neve_meta_reading_time":"","_joinchat":[],"footnotes":""},"class_list":["post-45","page","type-page","status-publish","hentry"],"_links":{"self":[{"href":"https:\/\/fedepapa.com\/home\/wp-json\/wp\/v2\/pages\/45","targetHints":{"allow":["GET"]}}],"collection":[{"href":"https:\/\/fedepapa.com\/home\/wp-json\/wp\/v2\/pages"}],"about":[{"href":"https:\/\/fedepapa.com\/home\/wp-json\/wp\/v2\/types\/page"}],"author":[{"embeddable":true,"href":"https:\/\/fedepapa.com\/home\/wp-json\/wp\/v2\/users\/1"}],"replies":[{"embeddable":true,"href":"https:\/\/fedepapa.com\/home\/wp-json\/wp\/v2\/comments?post=45"}],"version-history":[{"count":31,"href":"https:\/\/fedepapa.com\/home\/wp-json\/wp\/v2\/pages\/45\/revisions"}],"predecessor-version":[{"id":980,"href":"https:\/\/fedepapa.com\/home\/wp-json\/wp\/v2\/pages\/45\/revisions\/980"}],"up":[{"embeddable":true,"href":"https:\/\/fedepapa.com\/home\/wp-json\/wp\/v2\/pages\/10"}],"wp:attachment":[{"href":"https:\/\/fedepapa.com\/home\/wp-json\/wp\/v2\/media?parent=45"}],"curies":[{"name":"wp","href":"https:\/\/api.w.org\/{rel}","templated":true}]}}